{"id":1147,"date":"2013-09-26T09:44:26","date_gmt":"2013-09-26T07:44:26","guid":{"rendered":"https:\/\/www.waclawek.com\/?page_id=1147"},"modified":"2013-09-26T09:45:00","modified_gmt":"2013-09-26T07:45:00","slug":"einfamilienhaus-mit-wohnhof-und-dachgarten-di-wolfgang-boehm","status":"publish","type":"page","link":"https:\/\/www.waclawek.com\/?page_id=1147","title":{"rendered":"Einfamilienhaus mit Wohnhof und Dachgarten &#8211; DI Wolfgang B\u00f6hm"},"content":{"rendered":"<p><strong>Anschrift<\/strong>: 1130 Wien, Veitingergasse 143<\/p>\n<p><strong>Geb\u00e4udeart<\/strong>: Einfamilienhaus, mit Dachgartengeschoss und Vorkehrungen f\u00fcr die m\u00f6gliche Aufstockung<\/p>\n<p><strong>Aufgabenstellung<\/strong>: &#8222;Kompesation&#8220; der Nordhang-Lage.<\/p>\n<p><strong>Fertigstellung<\/strong>: 1993<\/p>\n<p><strong>Planung: <\/strong>Dipl.Ing. F. Waclawek<\/p>\n<p><strong>Konsulenten: <\/strong>Tragwerk: eigene Berechnung der Holzkonstruktion.<\/p>\n<p><strong>Bauleitung<\/strong>: Dipl.Ing. F. Waclawek<\/p>\n<p><strong>Ausf\u00fchrende<\/strong>: Bmst Ing Heinrich Schmidt, Bachgasse 27, A-2391, Kaltenleutgeben.<\/p>\n<p><strong>Kosten<\/strong>: 2,5 Mio Schilling<\/p>\n<p><strong>Fl\u00e4chen<\/strong>: Grundst\u00fcck:1000 m\u00b2 \/ Wohnfl\u00e4che: 180 m\u00b2<\/p>\n<p><strong>Widmung<\/strong>: Bauklasse 1, H\u00f6he 7,5 m<\/p>\n<p><strong>Baugrund<\/strong>: Nordhang &#8211; Orientierung der Aufenthaltsr\u00e4ume nach S\u00fcden.<br \/>\n<strong>Vegetation:<\/strong> seltene Pflanzen, die im Stadtraum fast nicht mehr vorkommen.<br \/>\nSt\u00f6rzonen wurden geortet, Anwendung des Prinzips des &#8222;Meidens&#8220;: bei der Lage der Schlaf &#8211; und Wohnr\u00e4ume.<\/p>\n<p><strong>Geb\u00e4udebeschreibung<\/strong>: Orientierung: S\u00fcd &#8211; und Westorientierung, um einen im 1. Stock angeordneten nicht einsehbaren Wohnhof &#8211; &#8222;Abwendung&#8220; des Geb\u00e4udes von der Strasse &#8211; keine Strassenseitigen Fenster. Geschosshoher &#8222;umfassender&#8220; Schallschutz im Dachgeschoss durch umfassende L\u00e4rmschutzw\u00e4nde, L\u00f6sungstyp: Hakengrundriss. Im Strassenniveau sind die Garagen, der Bio-Keller, eine Werkstatt, dar\u00fcber die Wohn und Aufenthaltsr\u00e4ume. Dar\u00fcber der 150 m\u00b2 grosse Dachgarten, mit 40 cm Humus, \u00fcber die Stiege vom Wohngeschoss zug\u00e4nglich.<\/p>\n<p><strong>Konstruktion: <\/strong>Aufstockbar, Mauerwerk im Unter und Obergeschoss : Ziegel. Decke im Obergeschoss: sichtbare Holztr\u00e4ger. S\u00fcd &#8211; Sonnenschutz &#8211; durch bepflanzte Beschattung.<\/p>\n","protected":false},"excerpt":{"rendered":"<p>Anschrift: 1130 Wien, Veitingergasse 143 Geb\u00e4udeart: Einfamilienhaus, mit Dachgartengeschoss und Vorkehrungen f\u00fcr die m\u00f6gliche Aufstockung Aufgabenstellung: &#8222;Kompesation&#8220; der Nordhang-Lage. Fertigstellung: 1993 Planung: Dipl.Ing. F. Waclawek Konsulenten: Tragwerk: eigene Berechnung der Holzkonstruktion. Bauleitung: Dipl.Ing. F. Waclawek Ausf\u00fchrende: Bmst Ing Heinrich Schmidt, Bachgasse 27, A-2391, Kaltenleutgeben. Kosten: 2,5 Mio Schilling Fl\u00e4chen: Grundst\u00fcck:1000 m\u00b2 \/ Wohnfl\u00e4che: 180 m\u00b2 Widmung: Bauklasse 1, H\u00f6he 7,5 m Baugrund: Nordhang &#8211; Orientierung der Aufenthaltsr\u00e4ume nach S\u00fcden. Vegetation: seltene Pflanzen, die im Stadtraum fast nicht mehr vorkommen. St\u00f6rzonen wurden geortet, Anwendung des Prinzips des &#8222;Meidens&#8220;: bei der Lage der Schlaf &#8211; und Wohnr\u00e4ume. Geb\u00e4udebeschreibung: Orientierung: S\u00fcd &#8211; und Westorientierung, um einen im 1. Stock angeordneten nicht einsehbaren Wohnhof &#8211; &#8222;Abwendung&#8220; des Geb\u00e4udes von der Strasse &#8211; keine Strassenseitigen Fenster. Geschosshoher &#8222;umfassender&#8220; Schallschutz im Dachgeschoss durch umfassende L\u00e4rmschutzw\u00e4nde, L\u00f6sungstyp: Hakengrundriss. Im Strassenniveau sind die Garagen, der Bio-Keller, eine Werkstatt, dar\u00fcber die Wohn und Aufenthaltsr\u00e4ume. Dar\u00fcber der 150 m\u00b2 grosse Dachgarten, mit 40 cm Humus, \u00fcber die Stiege vom Wohngeschoss zug\u00e4nglich. Konstruktion: Aufstockbar, Mauerwerk im Unter und Obergeschoss : Ziegel. Decke im Obergeschoss: sichtbare Holztr\u00e4ger. S\u00fcd &#8211; Sonnenschutz &#8211; durch bepflanzte Beschattung.<\/p>\n","protected":false},"author":1,"featured_media":0,"parent":0,"menu_order":0,"comment_status":"open","ping_status":"open","template":"","meta":[],"_links":{"self":[{"href":"https:\/\/www.waclawek.com\/index.php?rest_route=\/wp\/v2\/pages\/1147"}],"collection":[{"href":"https:\/\/www.waclawek.com\/index.php?rest_route=\/wp\/v2\/pages"}],"about":[{"href":"https:\/\/www.waclawek.com\/index.php?rest_route=\/wp\/v2\/types\/page"}],"author":[{"embeddable":true,"href":"https:\/\/www.waclawek.com\/index.php?rest_route=\/wp\/v2\/users\/1"}],"replies":[{"embeddable":true,"href":"https:\/\/www.waclawek.com\/index.php?rest_route=%2Fwp%2Fv2%2Fcomments&post=1147"}],"version-history":[{"count":2,"href":"https:\/\/www.waclawek.com\/index.php?rest_route=\/wp\/v2\/pages\/1147\/revisions"}],"predecessor-version":[{"id":1149,"href":"https:\/\/www.waclawek.com\/index.php?rest_route=\/wp\/v2\/pages\/1147\/revisions\/1149"}],"wp:attachment":[{"href":"https:\/\/www.waclawek.com\/index.php?rest_route=%2Fwp%2Fv2%2Fmedia&parent=1147"}],"curies":[{"name":"wp","href":"https:\/\/api.w.org\/{rel}","templated":true}]}}