{"id":1206,"date":"2013-09-26T11:57:56","date_gmt":"2013-09-26T09:57:56","guid":{"rendered":"https:\/\/www.waclawek.com\/?page_id=1206"},"modified":"2013-09-26T11:57:56","modified_gmt":"2013-09-26T09:57:56","slug":"bank-johnstrasse","status":"publish","type":"page","link":"https:\/\/www.waclawek.com\/?page_id=1206","title":{"rendered":"BANK JOHNSTRASSE"},"content":{"rendered":"<p><strong>Auftraggeber:<\/strong> BANK AUSTRIA<\/p>\n<p><strong>Anschrift:<\/strong> 1150, JOHNSTRASSE\/SCHANZSTRASSE 2-4<\/p>\n<p><strong>Geb\u00e4udeart:<\/strong> Umbau<\/p>\n<p><strong>Aufgabenstellung:<\/strong> ein Kino war f\u00fcr die Zwecke der Bank zu adaptieren: Vordergeb\u00e4ude und der im Hof liegende Kinosaal sollten eine Einheit bilden. Insgesamt wurden drei Entw\u00fcrfe ausgearbeitet, Erste Entwurf: Erhaltung des Kinoraumes in voller H\u00f6he, keine Einbauten und abgeh\u00e4ngten Decken, die Bausubstanz (hoher Kinosaal mit Satteldach) sollte gezeigt werden,&#8230; der zweite Entwurf wurde zu bauen begonnen, und w\u00e4hrend des Baues (und nach Vorlieben der gesicherten Finanzierung) vom Auftraggeber gestoppt. Die Glasdecke im Kinosaal kam nicht zur Ausf\u00fchrung Der Ausf\u00fchrungsentwurf hat abgeh\u00e4ngte Decken, usw. und ber\u00fcckdichtigt \/bel\u00e4sst die alten Stra\u00dfenfassaden,&#8230;<\/p>\n<p><strong>Fertigstellung:<\/strong> 1977<\/p>\n<p><strong>Planung:<\/strong> Fritz Waclawek<\/p>\n<p><strong>Bauleitung:<\/strong> Fritz Waclawek<\/p>\n<p><strong>Ausf\u00fchrende:<\/strong> Baufirma Schmidt<\/p>\n","protected":false},"excerpt":{"rendered":"<p>Auftraggeber: BANK AUSTRIA Anschrift: 1150, JOHNSTRASSE\/SCHANZSTRASSE 2-4 Geb\u00e4udeart: Umbau Aufgabenstellung: ein Kino war f\u00fcr die Zwecke der Bank zu adaptieren: Vordergeb\u00e4ude und der im Hof liegende Kinosaal sollten eine Einheit bilden. Insgesamt wurden drei Entw\u00fcrfe ausgearbeitet, Erste Entwurf: Erhaltung des Kinoraumes in voller H\u00f6he, keine Einbauten und abgeh\u00e4ngten Decken, die Bausubstanz (hoher Kinosaal mit Satteldach) sollte gezeigt werden,&#8230; der zweite Entwurf wurde zu bauen begonnen, und w\u00e4hrend des Baues (und nach Vorlieben der gesicherten Finanzierung) vom Auftraggeber gestoppt. Die Glasdecke im Kinosaal kam nicht zur Ausf\u00fchrung Der Ausf\u00fchrungsentwurf hat abgeh\u00e4ngte Decken, usw. und ber\u00fcckdichtigt \/bel\u00e4sst die alten Stra\u00dfenfassaden,&#8230; Fertigstellung: 1977 Planung: Fritz Waclawek Bauleitung: Fritz Waclawek Ausf\u00fchrende: Baufirma Schmidt<\/p>\n","protected":false},"author":1,"featured_media":0,"parent":0,"menu_order":0,"comment_status":"open","ping_status":"open","template":"","meta":[],"_links":{"self":[{"href":"https:\/\/www.waclawek.com\/index.php?rest_route=\/wp\/v2\/pages\/1206"}],"collection":[{"href":"https:\/\/www.waclawek.com\/index.php?rest_route=\/wp\/v2\/pages"}],"about":[{"href":"https:\/\/www.waclawek.com\/index.php?rest_route=\/wp\/v2\/types\/page"}],"author":[{"embeddable":true,"href":"https:\/\/www.waclawek.com\/index.php?rest_route=\/wp\/v2\/users\/1"}],"replies":[{"embeddable":true,"href":"https:\/\/www.waclawek.com\/index.php?rest_route=%2Fwp%2Fv2%2Fcomments&post=1206"}],"version-history":[{"count":2,"href":"https:\/\/www.waclawek.com\/index.php?rest_route=\/wp\/v2\/pages\/1206\/revisions"}],"predecessor-version":[{"id":1570,"href":"https:\/\/www.waclawek.com\/index.php?rest_route=\/wp\/v2\/pages\/1206\/revisions\/1570"}],"wp:attachment":[{"href":"https:\/\/www.waclawek.com\/index.php?rest_route=%2Fwp%2Fv2%2Fmedia&parent=1206"}],"curies":[{"name":"wp","href":"https:\/\/api.w.org\/{rel}","templated":true}]}}