{"id":1220,"date":"2013-09-26T12:23:04","date_gmt":"2013-09-26T10:23:04","guid":{"rendered":"https:\/\/www.waclawek.com\/?page_id=1220"},"modified":"2013-09-26T12:23:04","modified_gmt":"2013-09-26T10:23:04","slug":"pfahlhaus-in-rust-am-neusiedlersee-herr-ing-peter-hartmann","status":"publish","type":"page","link":"https:\/\/www.waclawek.com\/?page_id=1220","title":{"rendered":"PFAHLHAUS IN RUST AM NEUSIEDLERSEE &#8211; HERR ING. PETER HARTMANN"},"content":{"rendered":"<p><strong>Anschrift:<\/strong> Ruster Bucht<\/p>\n<p><strong>Geb\u00e4udeart:<\/strong> Pfahlhaus &#8211; Seeh\u00fctte<\/p>\n<p><strong>Aufgabenstellung:<\/strong> winterfestes Geb\u00e4ude, heizbar<\/p>\n<p><strong>Fertigstellung:<\/strong> 1973<\/p>\n<p><strong>Planung:<\/strong> Dipl.Ing. F. Waclawek<\/p>\n<p><strong>Konsulenten:<\/strong> Tragwerk: eigene Berechnung der Geb\u00e4udestatik und der Statik der Plattform<\/p>\n<p><strong>Bauleitung:<\/strong> Dipl.Ing. F. Waclawek<\/p>\n<p><strong>Ausf\u00fchrende:<\/strong> Tischlerei und Zimmerei Leopold Brandl, Waidhofen an der Ybbs.<\/p>\n<p><strong>Fl\u00e4chen:<\/strong> Plateau: 160 m\u00b2<\/p>\n<p><strong>Politik:<\/strong> Sondergenehmigung der Beh\u00f6rde: Flachdach<\/p>\n<p><strong>Widmung:<\/strong> See-Pacht<\/p>\n<p><strong>See: <\/strong>Auf einem im Wintereis geschlagenen Pf\u00e4hlen und dem dar\u00fcber errichteten Rost wurde ein Badehaus errichtet. Wetterdaten: der Wasserstand des Steppensees schwankt in Abh\u00e4ngigkeit von den jahreszeitlichen Niederschl\u00e4gen und dem Wind \u00fcber 1,5 m. Der oft starke Wind w\u00fchlt den See auf, die Wellen sind hoch. \u00fcber einen Bootssteg wird der Zugang zum Wasser, das Anlegen, usw erleichtert. Die Lage der Schlafpl\u00e4tze wurde abh\u00e4ngig von der St\u00f6rzonen festgelegt.<\/p>\n<p><strong>Geb\u00e4udebeschreibung:<\/strong> Orientierung: mit dem Sitzplatz und der Haupfront nach S\u00fcden und zum See.<br \/>\nL\u00f6sungstyp: Vorbild sind die t\u00fcrkischen Kioske am Bosporus. An den zentralen Raum schliessen zwei Schlafnischen und die K\u00fcche an, der Aussenraum hat &#8211; als Folge der Raumanordnung &#8211; nach allen Himmelsrichtungen windgesch\u00fctzte Sitznischen, die vom Dach und ausserdem von schiebbaren H\u00e4nge &#8211; Holzl\u00e4den vor Wind und Sonne gesch\u00fctzt werden k\u00f6nnen. Das Dach ist mit weissem Kunststoff gedeckt und wird dadurch nicht heiss &#8211; und wird als uneingesehener Liegeplatz verwendet &#8211; mit sch\u00f6ner Aussicht auf den See und in den Schilfg\u00fcrtel, zur Tierbeobachtung, &#8230;<\/p>\n<p><strong>Materialien:<\/strong> Holz &#8211; Pfahl &#8211; Bau, tragende St\u00fctzen und horizontale Haupt &#8211; Tr\u00e4ger sind im Innenraum aus gesch\u00e4lten Holzrundlingen hergestellt, dar\u00fcber liegen sichtbare Sparren, &#8230;<\/p>\n<p><strong>Geb\u00e4udedaten:<\/strong> Wohnfl\u00e4che 90 m\u00b2<\/p>\n<p><strong>Bauteile:<\/strong> Wand, Decke und Boden sind wind und sturmdicht, Dach und Wand sind w\u00e4rmeged\u00e4mmt, k=0,5<br \/>\nFenster: Isolierglas, k=1,7.<br \/>\nDecken, B\u00f6den und W\u00e4nde sind aus L\u00e4rche.<br \/>\nSonnenschutz &#8211; Beschattung: verschiebbar, geh\u00e4ngt, aus L\u00e4rche.<br \/>\nAusstattung: fest eingebaute K\u00e4sten und Betten, gegen\u00fcber von der Sitzgruppe ist eine erh\u00f6hte Sitz und Liegefl\u00e4che in der Breite des Innenraumes.<br \/>\nDie Fenster sind abh\u00e4ngig von der Lage und der Einrichtung und Nutzung entweder flach und liegend, oder raumhoch, oder raumbreit, von der K\u00fcche kann man den See von einem &#8222;Vorsprung&#8220; aus \u00fcberblicken, &#8230;<\/p>\n","protected":false},"excerpt":{"rendered":"<p>Anschrift: Ruster Bucht Geb\u00e4udeart: Pfahlhaus &#8211; Seeh\u00fctte Aufgabenstellung: winterfestes Geb\u00e4ude, heizbar Fertigstellung: 1973 Planung: Dipl.Ing. F. Waclawek Konsulenten: Tragwerk: eigene Berechnung der Geb\u00e4udestatik und der Statik der Plattform Bauleitung: Dipl.Ing. F. Waclawek Ausf\u00fchrende: Tischlerei und Zimmerei Leopold Brandl, Waidhofen an der Ybbs. Fl\u00e4chen: Plateau: 160 m\u00b2 Politik: Sondergenehmigung der Beh\u00f6rde: Flachdach Widmung: See-Pacht See: Auf einem im Wintereis geschlagenen Pf\u00e4hlen und dem dar\u00fcber errichteten Rost wurde ein Badehaus errichtet. Wetterdaten: der Wasserstand des Steppensees schwankt in Abh\u00e4ngigkeit von den jahreszeitlichen Niederschl\u00e4gen und dem Wind \u00fcber 1,5 m. Der oft starke Wind w\u00fchlt den See auf, die Wellen sind hoch. \u00fcber einen Bootssteg wird der Zugang zum Wasser, das Anlegen, usw erleichtert. Die Lage der Schlafpl\u00e4tze wurde abh\u00e4ngig von der St\u00f6rzonen festgelegt. Geb\u00e4udebeschreibung: Orientierung: mit dem Sitzplatz und der Haupfront nach S\u00fcden und zum See. L\u00f6sungstyp: Vorbild sind die t\u00fcrkischen Kioske am Bosporus. An den zentralen Raum schliessen zwei Schlafnischen und die K\u00fcche an, der Aussenraum hat &#8211; als Folge der Raumanordnung &#8211; nach allen Himmelsrichtungen windgesch\u00fctzte Sitznischen, die vom Dach und ausserdem von schiebbaren H\u00e4nge &#8211; Holzl\u00e4den vor Wind und Sonne gesch\u00fctzt werden k\u00f6nnen. Das Dach ist mit weissem Kunststoff gedeckt und wird dadurch nicht heiss &#8211; und wird als uneingesehener Liegeplatz verwendet &#8211; mit sch\u00f6ner Aussicht auf den See und in den Schilfg\u00fcrtel, zur Tierbeobachtung, &#8230; Materialien: Holz &#8211; Pfahl &#8211; Bau, tragende St\u00fctzen und horizontale Haupt &#8211; Tr\u00e4ger sind im Innenraum aus gesch\u00e4lten Holzrundlingen hergestellt, dar\u00fcber liegen sichtbare Sparren, &#8230; Geb\u00e4udedaten: Wohnfl\u00e4che 90 m\u00b2 Bauteile: Wand, Decke und Boden sind wind und sturmdicht, Dach und Wand sind w\u00e4rmeged\u00e4mmt, k=0,5 Fenster: Isolierglas, k=1,7. Decken, B\u00f6den und W\u00e4nde sind aus L\u00e4rche. Sonnenschutz &#8211; Beschattung: verschiebbar, geh\u00e4ngt, aus L\u00e4rche. Ausstattung: fest eingebaute K\u00e4sten und Betten, gegen\u00fcber von der Sitzgruppe ist eine erh\u00f6hte Sitz und Liegefl\u00e4che in der Breite des Innenraumes. Die Fenster sind abh\u00e4ngig von der Lage und der Einrichtung und Nutzung entweder flach und liegend, oder raumhoch, oder raumbreit, von der K\u00fcche kann man den See von einem &#8222;Vorsprung&#8220; aus \u00fcberblicken, &#8230;<\/p>\n","protected":false},"author":1,"featured_media":0,"parent":0,"menu_order":0,"comment_status":"open","ping_status":"open","template":"","meta":[],"_links":{"self":[{"href":"https:\/\/www.waclawek.com\/index.php?rest_route=\/wp\/v2\/pages\/1220"}],"collection":[{"href":"https:\/\/www.waclawek.com\/index.php?rest_route=\/wp\/v2\/pages"}],"about":[{"href":"https:\/\/www.waclawek.com\/index.php?rest_route=\/wp\/v2\/types\/page"}],"author":[{"embeddable":true,"href":"https:\/\/www.waclawek.com\/index.php?rest_route=\/wp\/v2\/users\/1"}],"replies":[{"embeddable":true,"href":"https:\/\/www.waclawek.com\/index.php?rest_route=%2Fwp%2Fv2%2Fcomments&post=1220"}],"version-history":[{"count":1,"href":"https:\/\/www.waclawek.com\/index.php?rest_route=\/wp\/v2\/pages\/1220\/revisions"}],"predecessor-version":[{"id":1221,"href":"https:\/\/www.waclawek.com\/index.php?rest_route=\/wp\/v2\/pages\/1220\/revisions\/1221"}],"wp:attachment":[{"href":"https:\/\/www.waclawek.com\/index.php?rest_route=%2Fwp%2Fv2%2Fmedia&parent=1220"}],"curies":[{"name":"wp","href":"https:\/\/api.w.org\/{rel}","templated":true}]}}