{"id":139,"date":"2013-09-11T01:11:11","date_gmt":"2013-09-10T23:11:11","guid":{"rendered":"https:\/\/www.waclawek.com\/?page_id=139"},"modified":"2013-09-18T17:34:15","modified_gmt":"2013-09-18T15:34:15","slug":"gutachten","status":"publish","type":"page","link":"https:\/\/www.waclawek.com\/?page_id=139","title":{"rendered":"Gutachten"},"content":{"rendered":"<blockquote class=\"left\"><p>Gutachten als Gerichtssachverst\u00e4ndiger<\/p><\/blockquote>\n<p>in der Kausa Republik \u00d6sterreich gegen Privat; Thema S\u00fcdeinfahrt Eisentadt\/Bgld.<br \/>\nin der Kausa Gemeinde Schrattenbach, N\u00d6 gegen Privat<br \/>\nin der Kausa Niobau gegen die Stadtgemeinde Klosterneuburg,1992<\/p>\n<p style=\"text-align: left;\">\n<blockquote class=\"left\"><p>Gutachten St. Gabriel<\/p><\/blockquote>\n<p>in Zusammenhang mit Planungen des Bundes, Auftraggeber: Missionsorden St. Gabriel, Rektor Pater Dr. A. Bsteh; mit Univ.Prof.Dr. R. G\u00fcrtler und Frau Univ.Prof.Dr. Wagner-Rieger<\/p>\n<blockquote class=\"left\"><p>Wohnbauforschung der Wiener Landes-Wohnbauforschung<\/p><\/blockquote>\n<p>&#8222;Interdisziplin\u00e4rer St\u00e4dtebau unter Ber\u00fccksichtigung kooperativer, integraler Planungsprinzipien als Grundlage f\u00fcr den Wohnungsneubau am Beispiel Aspern-S\u00fcd &#8222;, f\u00fcr ca. 2.000 Wohnungen.<\/p>\n<p>&nbsp;<\/p>\n<blockquote class=\"left\"><p>Wohnbau-Forschungsauftrag des Bundes<\/p><\/blockquote>\n<p>&#8222;Energieeffiziente Bebauungsplanung am Beispiel Aspern-S\u00fcd&#8220; nach solararchitektonischen Gesichtspunkten, energetische Optimierung und EDV-unterst\u00fctzte Simulation.<\/p>\n<p>&nbsp;<\/p>\n<blockquote class=\"left\"><p>Forschungsauftr\u00e4ge des Bundes und der Stadt Wien<\/p><\/blockquote>\n<p>Federf\u00fchrung im Rahmen des Projektes Aspern S\u00fcd, Energieeffiziente Bebauungsplanung, mit qantitativer Berechnung, mit dem Programm GOSOL und Projektmanagement mit PX, multiprojektf\u00e4hig, mit integrierter relationaler Datenbank, usw.<\/p>\n<blockquote class=\"left\"><p>Gutachtert\u00e4tigkeit, Entwurf und Projektierung im Rahmen der Projektorganisation G\u00fcrtel, S\u00fcd- und Westeinfahrt Wien, 1986 bis 1988<\/p><\/blockquote>\n<p>Auftraggeber Bundesstrassengesellschaft und Stadt Wien. Ausarbeitung der Leitprojekte: G\u00fcrtel &#8211; S\u00fcdeinfahrt und Grundlagenarbeiten zur Stadtentwicklungspolitik, zu Park and Ride, Projektorganisation, usw. Beauftragung nach erfolgreicher Wettbewerbsteilnahme, teilweise in Zusammenarbeit mit E. Gehmacher &#8211; TU Wien; IFES &#8211; Wien, G. Sammer &#8211; TU Graz, G. R\u00fcsch &#8211; TU Wien, W. Ziesel &#8211; Akademie Wien.<\/p>\n<p>&nbsp;<\/p>\n<blockquote class=\"left\"><p>Mietermitbestimmung, Gutachtliche T\u00e4tigkeits<\/p><\/blockquote>\n<p>Betreuung und Koordination der Wohnbauten der Stadt Wien, auch mit<\/p>\n<p>&nbsp;<\/p>\n<p>&nbsp;<\/p>\n<blockquote class=\"left\"><p>Nutzwert-Gutachten<\/p><\/blockquote>\n<p>samt \u00a712-Bescheinigung, usw., f\u00fcr hunderte Wohnungen von Privaten Auftraggebern und von hunderten Bauten der Stadt Wien<\/p>\n<p>&nbsp;<\/p>\n<blockquote class=\"left\"><p>Operationalisierung des Stadtentwicklungsplanes Wien, 1986<\/p><\/blockquote>\n<p>EDV-unterst\u00fctzte, inhaltliche Aufbereitung nach Planungsebenen, Gesichtspunkten usw., als Hilfe bei der Handhabung.<\/p>\n<p>Auftraggeber Stadt Wien.<\/p>\n<p>&nbsp;<\/p>\n<p style=\"text-align: left;\">\n<blockquote class=\"left\"><p>Gerichtlich beeidigter Sachverst\u00e4ndiger<\/p><\/blockquote>\n<p style=\"text-align: left;\">Gauf dem Fachgebiet Planung \/ Konstruktion, seit 1982, gutachtliche T\u00e4tigkeit.<\/p>\n<p>\u00a0<\/p>\n<blockquote class=\"left\"><p>T\u00e4tigkeit als Pr\u00fcfingenieur seit 1980<\/p><\/blockquote>\n<p>Beurteilung von Bauvorhaben im Hinblick auf Konstruktion, Rentabilit\u00e4t und Gestaltung. Auftraggeber Stadt Wien.<\/p>\n<p>&nbsp;<\/p>\n<blockquote class=\"left\"><p>St\u00e4dtebauliche Kennwerte, 1977<\/p><\/blockquote>\n<p>besondere Ber\u00fccksichtigung der Bedeutung im Bezug zur Gr\u00f6\u00dfe: Parzelle &#8211; Baublock &#8211; Viertel &#8211; Bezirk. Auftraggeber Stadt Wien.<\/p>\n<p>&nbsp;<\/p>\n<blockquote class=\"left\"><p>Grundlagenarbeiten zum Wohnstra\u00dfenkonzept, 1976<\/p><\/blockquote>\n<p>Auftraggeber Stadt Wien.<\/p>\n<p>&nbsp;<\/p>\n<p>&nbsp;<\/p>\n<blockquote class=\"left\"><p>Grobanalyse von assanierungsverd\u00e4chtigen Gebieten, 1976<\/p><\/blockquote>\n<p>als Grundlage zur politischen Problemaufbereitung und Widmung. Auftraggeber Stadt Wien.<\/p>\n<p>&nbsp;<\/p>\n<p>&nbsp;<\/p>\n<blockquote class=\"left\"><p>Dichtereserven Wien, 1976<\/p><\/blockquote>\n<p>im Zusammenhang mit Widmung und Wohnst\u00e4ttenkonzept. Auftraggeber Stadt Wien.<\/p>\n<p>&nbsp;<\/p>\n<blockquote class=\"left\"><p>Kosten alternativer Wohnformen, 1975<\/p><\/blockquote>\n<p>Kosten und Folgekosten in Abh\u00e4ngigkeit von Dichte, Bebauungsh\u00f6he, Lage, Infrastruktur, vergleichend dargestellt, Vergleich mit Angaben der BRD, England, Skandinavien, USA. Auftraggeber Stadt Wien.<\/p>\n<p>&nbsp;<\/p>\n<blockquote class=\"left\"><p>Analyse der Sanierungst\u00e4tigkeit in Wien von 1966-1974, im Jahr 1975 mit E. Bramhas<\/p><\/blockquote>\n<p>Auftraggeber Stadt Wien. Erste umfassende Grundlage zur Beurteilung &#8222;erneuernder&#8220; Baut\u00e4tigkeit.<\/p>\n","protected":false},"excerpt":{"rendered":"<p>in der Kausa Republik \u00d6sterreich gegen Privat; Thema S\u00fcdeinfahrt Eisentadt\/Bgld. in der Kausa Gemeinde Schrattenbach, N\u00d6 gegen Privat in der Kausa Niobau gegen die Stadtgemeinde Klosterneuburg,1992 in Zusammenhang mit Planungen des Bundes, Auftraggeber: Missionsorden St. Gabriel, Rektor Pater Dr. A. Bsteh; mit Univ.Prof.Dr. R. G\u00fcrtler und Frau Univ.Prof.Dr. Wagner-Rieger &#8222;Interdisziplin\u00e4rer St\u00e4dtebau unter Ber\u00fccksichtigung kooperativer, integraler Planungsprinzipien als Grundlage f\u00fcr den Wohnungsneubau am Beispiel Aspern-S\u00fcd &#8222;, f\u00fcr ca. 2.000 Wohnungen. &nbsp; &#8222;Energieeffiziente Bebauungsplanung am Beispiel Aspern-S\u00fcd&#8220; nach solararchitektonischen Gesichtspunkten, energetische Optimierung und EDV-unterst\u00fctzte Simulation. &nbsp; Federf\u00fchrung im Rahmen des Projektes Aspern S\u00fcd, Energieeffiziente Bebauungsplanung, mit qantitativer Berechnung, mit dem Programm GOSOL und Projektmanagement mit PX, multiprojektf\u00e4hig, mit integrierter relationaler Datenbank, usw. Auftraggeber Bundesstrassengesellschaft und Stadt Wien. Ausarbeitung der Leitprojekte: G\u00fcrtel &#8211; S\u00fcdeinfahrt und Grundlagenarbeiten zur Stadtentwicklungspolitik, zu Park and Ride, Projektorganisation, usw. Beauftragung nach erfolgreicher Wettbewerbsteilnahme, teilweise in Zusammenarbeit mit E. Gehmacher &#8211; TU Wien; IFES &#8211; Wien, G. Sammer &#8211; TU Graz, G. R\u00fcsch &#8211; TU Wien, W. Ziesel &#8211; Akademie Wien. &nbsp; Betreuung und Koordination der Wohnbauten der Stadt Wien, auch mit &nbsp; &nbsp; samt \u00a712-Bescheinigung, usw., f\u00fcr hunderte Wohnungen von Privaten Auftraggebern und von hunderten Bauten der Stadt Wien &nbsp; EDV-unterst\u00fctzte, inhaltliche Aufbereitung nach Planungsebenen, Gesichtspunkten usw., als Hilfe bei der Handhabung. Auftraggeber Stadt Wien. &nbsp; Gauf dem Fachgebiet Planung \/ Konstruktion, seit 1982, gutachtliche T\u00e4tigkeit. \u00a0 Beurteilung von Bauvorhaben im Hinblick auf Konstruktion, Rentabilit\u00e4t und Gestaltung. Auftraggeber Stadt Wien. &nbsp; besondere Ber\u00fccksichtigung der Bedeutung im Bezug zur Gr\u00f6\u00dfe: Parzelle &#8211; Baublock &#8211; Viertel &#8211; Bezirk. Auftraggeber Stadt Wien. &nbsp; Auftraggeber Stadt Wien. &nbsp; &nbsp; als Grundlage zur politischen Problemaufbereitung und Widmung. Auftraggeber Stadt Wien. &nbsp; &nbsp; im Zusammenhang mit Widmung und Wohnst\u00e4ttenkonzept. Auftraggeber Stadt Wien. &nbsp; Kosten und Folgekosten in Abh\u00e4ngigkeit von Dichte, Bebauungsh\u00f6he, Lage, Infrastruktur, vergleichend dargestellt, Vergleich mit Angaben der BRD, England, Skandinavien, USA. Auftraggeber Stadt Wien. &nbsp; Auftraggeber Stadt Wien. Erste umfassende Grundlage zur Beurteilung &#8222;erneuernder&#8220; Baut\u00e4tigkeit.<\/p>\n","protected":false},"author":1,"featured_media":0,"parent":0,"menu_order":0,"comment_status":"open","ping_status":"open","template":"","meta":[],"_links":{"self":[{"href":"https:\/\/www.waclawek.com\/index.php?rest_route=\/wp\/v2\/pages\/139"}],"collection":[{"href":"https:\/\/www.waclawek.com\/index.php?rest_route=\/wp\/v2\/pages"}],"about":[{"href":"https:\/\/www.waclawek.com\/index.php?rest_route=\/wp\/v2\/types\/page"}],"author":[{"embeddable":true,"href":"https:\/\/www.waclawek.com\/index.php?rest_route=\/wp\/v2\/users\/1"}],"replies":[{"embeddable":true,"href":"https:\/\/www.waclawek.com\/index.php?rest_route=%2Fwp%2Fv2%2Fcomments&post=139"}],"version-history":[{"count":60,"href":"https:\/\/www.waclawek.com\/index.php?rest_route=\/wp\/v2\/pages\/139\/revisions"}],"predecessor-version":[{"id":884,"href":"https:\/\/www.waclawek.com\/index.php?rest_route=\/wp\/v2\/pages\/139\/revisions\/884"}],"wp:attachment":[{"href":"https:\/\/www.waclawek.com\/index.php?rest_route=%2Fwp%2Fv2%2Fmedia&parent=139"}],"curies":[{"name":"wp","href":"https:\/\/api.w.org\/{rel}","templated":true}]}}