{"id":141,"date":"2013-09-11T01:11:38","date_gmt":"2013-09-10T23:11:38","guid":{"rendered":"https:\/\/www.waclawek.com\/?page_id=141"},"modified":"2013-09-18T17:48:55","modified_gmt":"2013-09-18T15:48:55","slug":"nutzwerte","status":"publish","type":"page","link":"https:\/\/www.waclawek.com\/?page_id=141","title":{"rendered":"Nutzwerte"},"content":{"rendered":"<table border=\"1\" cellspacing=\"0\" cellpadding=\"3\">\n<tbody>\n<tr>\n<td>1020 Wien<\/td>\n<td>Zirkusg.52<\/td>\n<td>23 Einheiten<\/td>\n<\/tr>\n<tr>\n<td>1040 Wien<\/td>\n<td>Argentinierstrasse 44<\/td>\n<td>25 Einheiten<\/td>\n<\/tr>\n<tr>\n<td>1050 Wien<\/td>\n<td>Margaretenstra\u00dfe 108<\/td>\n<td>24 Einheiten<\/td>\n<\/tr>\n<tr>\n<td>1050 Wien<\/td>\n<td>Sch\u00f6nbrunnerstr.<\/td>\n<td>40 Einheiten<\/td>\n<\/tr>\n<tr>\n<td>1060 Wien<\/td>\n<td>Mittelg. &#8211; Stohmayerg.<\/td>\n<td>40 Einheiten<\/td>\n<\/tr>\n<tr>\n<td>1080 Wien<\/td>\n<td>Skodagasse 22<\/td>\n<td>16 Einheiten<\/td>\n<\/tr>\n<tr>\n<td>1090 Wien<\/td>\n<td>Lazarettgasse 17<\/td>\n<td>30 Einheiten<\/td>\n<\/tr>\n<tr>\n<td>1110 Wien<\/td>\n<td>Leberberg I<\/td>\n<td>651 Einheiten<\/td>\n<\/tr>\n<tr>\n<td>1110 Wien<\/td>\n<td>Leberberg II A1 Bp 18<\/td>\n<td>258 Einheiten<\/td>\n<\/tr>\n<tr>\n<td>1110 Wien<\/td>\n<td>Leberberg II A2 Bp 19<\/td>\n<td>111 Einheiten<\/td>\n<\/tr>\n<tr>\n<td>1110 Wien<\/td>\n<td>Leberberg II B<\/td>\n<td>284 Einheiten<\/td>\n<\/tr>\n<tr>\n<td>1110 Wien<\/td>\n<td>Leberberg II C<\/td>\n<td>184 Einheiten<\/td>\n<\/tr>\n<tr>\n<td>1120 Wien<\/td>\n<td>Grieshofgasse 12<\/td>\n<td>9 Einheiten<\/td>\n<\/tr>\n<tr>\n<td>1120 Wien<\/td>\n<td>Ga\u00dfmannstrasse 41<\/td>\n<td>17 Einheiten<\/td>\n<\/tr>\n<tr>\n<td>1120 Wien<\/td>\n<td>Arndtstrasse 74-76<\/td>\n<td>29 Einheiten<\/td>\n<\/tr>\n<tr>\n<td>1130 Wien<\/td>\n<td>Gallgasse<\/td>\n<td>56 Einheiten<\/td>\n<\/tr>\n<tr>\n<td>1140 Wien<\/td>\n<td>Linzerstra\u00dfe<\/td>\n<td>26 Einheiten<\/td>\n<\/tr>\n<tr>\n<td>1150 Wien<\/td>\n<td>W\u00fcrffelgasse 6-8<\/td>\n<td>26 Einheiten<\/td>\n<\/tr>\n<tr>\n<td>1150 Wien<\/td>\n<td>Goldschlagstr. 108<\/td>\n<td>15 Einheiten<\/td>\n<\/tr>\n<tr>\n<td>1150 Wien<\/td>\n<td>Reithofferplatz 10<\/td>\n<td>19 Einheiten<\/td>\n<\/tr>\n<tr>\n<td>1160 Wien<\/td>\n<td>Bachgasse 12 \/ Friedr.Kaiser-G<\/td>\n<td>19 Einheiten<\/td>\n<\/tr>\n<tr>\n<td>1160 Wien<\/td>\n<td>Ludo Hartmann-Platz 6<\/td>\n<td>30 Einheiten<\/td>\n<\/tr>\n<tr>\n<td>1160 Wien<\/td>\n<td>Weyprechtgasse 7<\/td>\n<td>14 Einheiten<\/td>\n<\/tr>\n<tr>\n<td>1160 Wien<\/td>\n<td>Kendlerstr. 39<\/td>\n<td>23 Einheiten<\/td>\n<\/tr>\n<tr>\n<td>1170 Wien<\/td>\n<td>Franz Glasergasse 1-3<\/td>\n<td>13 Einheiten<\/td>\n<\/tr>\n<tr>\n<td>1170 Wien<\/td>\n<td>Haslingerg.35\/ Natterg. 18-20<\/td>\n<td>19 Einheiten<\/td>\n<\/tr>\n<tr>\n<td>1190 Wien<\/td>\n<td>Leidesdorfgasse<\/td>\n<td>7 Einheiten<\/td>\n<\/tr>\n<tr>\n<td>1200 Wien<\/td>\n<td>Hellwagstrasse 16A<\/td>\n<td>27 Einheiten<\/td>\n<\/tr>\n<tr>\n<td>1200 Wien<\/td>\n<td>Allerheiligeng. 5<\/td>\n<td>41 Einheiten<\/td>\n<\/tr>\n<tr>\n<td>1210 Wien<\/td>\n<td>Donaufelder Str 99, Carminweg<\/td>\n<td>185 Einheiten<\/td>\n<\/tr>\n<tr>\n<td>1210 Wien<\/td>\n<td>Hanreiterg.-Empergerg. (\u00f6stl Br\u00fcn.)<\/td>\n<td>159 Einheiten<\/td>\n<\/tr>\n<tr>\n<td>1210 Wien<\/td>\n<td>Satzingerweg<\/td>\n<td>254 Einheiten<\/td>\n<\/tr>\n<tr>\n<td>1210 Wien<\/td>\n<td>Westl.Br\u00fcnnerstr. Nord 8 &#8211; Kummergasse<\/td>\n<td>192 Einheiten<\/td>\n<\/tr>\n<tr>\n<td>1210 Wien<\/td>\n<td>Hanreiterg.3 (westl Br.\/S\u00fcd ; Ocwirkg.)<\/td>\n<td>290 Einheiten<\/td>\n<\/tr>\n<tr>\n<td>1210 Wien<\/td>\n<td>Albertisg. 3<\/td>\n<td>28 Einheiten<\/td>\n<\/tr>\n<tr>\n<td>1210 Wien<\/td>\n<td>Ferdinand-K\u00e4s Gasse\/\u00d6denb.Str.<\/td>\n<td>167 Einheiten<\/td>\n<\/tr>\n<tr>\n<td>1210 Wien<\/td>\n<td>Ruthnerg.<\/td>\n<td>46 Einheiten<\/td>\n<\/tr>\n<tr>\n<td>1220 Wien<\/td>\n<td>Lange Allee 13 (203)<\/td>\n<td>195 Einheiten<\/td>\n<\/tr>\n<tr>\n<td>1220 Wien<\/td>\n<td>Langobardenstrasse 164-168 (128)<\/td>\n<td>256 Einheiten<\/td>\n<\/tr>\n<tr>\n<td>1220 Wien<\/td>\n<td>Wulzendorferstrasse<\/td>\n<td>41 Einheiten<\/td>\n<\/tr>\n<tr>\n<td>1220 Wien<\/td>\n<td>Colerusgasse<\/td>\n<td>185 Einheiten<\/td>\n<\/tr>\n<tr>\n<td>1220 Wien<\/td>\n<td>Erzherzog-Karl-Str. \/ Rueberstr.<\/td>\n<td>208 Einheiten<\/td>\n<\/tr>\n<tr>\n<td>1220 Wien<\/td>\n<td>Markgraf- Gerold-Gasse 18<\/td>\n<td>81 Einheiten<\/td>\n<\/tr>\n<tr>\n<td>1230 Wien<\/td>\n<td>Breitenfurterstra\u00dfe 467-471 (Siedlung Rodaun)<\/td>\n<td>90 Einheiten<\/td>\n<\/tr>\n<tr>\n<td>1230 Wien<\/td>\n<td>Ketzerg. 312-314<\/td>\n<td>18 Einheiten<\/td>\n<\/tr>\n<\/tbody>\n<\/table>\n","protected":false},"excerpt":{"rendered":"<p>1020 Wien Zirkusg.52 23 Einheiten 1040 Wien Argentinierstrasse 44 25 Einheiten 1050 Wien Margaretenstra\u00dfe 108 24 Einheiten 1050 Wien Sch\u00f6nbrunnerstr. 40 Einheiten 1060 Wien Mittelg. &#8211; Stohmayerg. 40 Einheiten 1080 Wien Skodagasse 22 16 Einheiten 1090 Wien Lazarettgasse 17 30 Einheiten 1110 Wien Leberberg I 651 Einheiten 1110 Wien Leberberg II A1 Bp 18 258 Einheiten 1110 Wien Leberberg II A2 Bp 19 111 Einheiten 1110 Wien Leberberg II B 284 Einheiten 1110 Wien Leberberg II C 184 Einheiten 1120 Wien Grieshofgasse 12 9 Einheiten 1120 Wien Ga\u00dfmannstrasse 41 17 Einheiten 1120 Wien Arndtstrasse 74-76 29 Einheiten 1130 Wien Gallgasse 56 Einheiten 1140 Wien Linzerstra\u00dfe 26 Einheiten 1150 Wien W\u00fcrffelgasse 6-8 26 Einheiten 1150 Wien Goldschlagstr. 108 15 Einheiten 1150 Wien Reithofferplatz 10 19 Einheiten 1160 Wien Bachgasse 12 \/ Friedr.Kaiser-G 19 Einheiten 1160 Wien Ludo Hartmann-Platz 6 30 Einheiten 1160 Wien Weyprechtgasse 7 14 Einheiten 1160 Wien Kendlerstr. 39 23 Einheiten 1170 Wien Franz Glasergasse 1-3 13 Einheiten 1170 Wien Haslingerg.35\/ Natterg. 18-20 19 Einheiten 1190 Wien Leidesdorfgasse 7 Einheiten 1200 Wien Hellwagstrasse 16A 27 Einheiten 1200 Wien Allerheiligeng. 5 41 Einheiten 1210 Wien Donaufelder Str 99, Carminweg 185 Einheiten 1210 Wien Hanreiterg.-Empergerg. (\u00f6stl Br\u00fcn.) 159 Einheiten 1210 Wien Satzingerweg 254 Einheiten 1210 Wien Westl.Br\u00fcnnerstr. Nord 8 &#8211; Kummergasse 192 Einheiten 1210 Wien Hanreiterg.3 (westl Br.\/S\u00fcd ; Ocwirkg.) 290 Einheiten 1210 Wien Albertisg. 3 28 Einheiten 1210 Wien Ferdinand-K\u00e4s Gasse\/\u00d6denb.Str. 167 Einheiten 1210 Wien Ruthnerg. 46 Einheiten 1220 Wien Lange Allee 13 (203) 195 Einheiten 1220 Wien Langobardenstrasse 164-168 (128) 256 Einheiten 1220 Wien Wulzendorferstrasse 41 Einheiten 1220 Wien Colerusgasse 185 Einheiten 1220 Wien Erzherzog-Karl-Str. \/ Rueberstr. 208 Einheiten 1220 Wien Markgraf- Gerold-Gasse 18 81 Einheiten 1230 Wien Breitenfurterstra\u00dfe 467-471 (Siedlung Rodaun) 90 Einheiten 1230 Wien Ketzerg. 312-314 18 Einheiten<\/p>\n","protected":false},"author":1,"featured_media":0,"parent":0,"menu_order":0,"comment_status":"open","ping_status":"open","template":"","meta":[],"_links":{"self":[{"href":"https:\/\/www.waclawek.com\/index.php?rest_route=\/wp\/v2\/pages\/141"}],"collection":[{"href":"https:\/\/www.waclawek.com\/index.php?rest_route=\/wp\/v2\/pages"}],"about":[{"href":"https:\/\/www.waclawek.com\/index.php?rest_route=\/wp\/v2\/types\/page"}],"author":[{"embeddable":true,"href":"https:\/\/www.waclawek.com\/index.php?rest_route=\/wp\/v2\/users\/1"}],"replies":[{"embeddable":true,"href":"https:\/\/www.waclawek.com\/index.php?rest_route=%2Fwp%2Fv2%2Fcomments&post=141"}],"version-history":[{"count":7,"href":"https:\/\/www.waclawek.com\/index.php?rest_route=\/wp\/v2\/pages\/141\/revisions"}],"predecessor-version":[{"id":889,"href":"https:\/\/www.waclawek.com\/index.php?rest_route=\/wp\/v2\/pages\/141\/revisions\/889"}],"wp:attachment":[{"href":"https:\/\/www.waclawek.com\/index.php?rest_route=%2Fwp%2Fv2%2Fmedia&parent=141"}],"curies":[{"name":"wp","href":"https:\/\/api.w.org\/{rel}","templated":true}]}}