{"id":151,"date":"2013-09-11T01:17:13","date_gmt":"2013-09-10T23:17:13","guid":{"rendered":"https:\/\/www.waclawek.com\/?page_id=151"},"modified":"2013-09-27T16:19:34","modified_gmt":"2013-09-27T14:19:34","slug":"mitbestimmung","status":"publish","type":"page","link":"https:\/\/www.waclawek.com\/?page_id=151","title":{"rendered":"Mitbestimmung"},"content":{"rendered":"<h4>&#8222;Prozesshafte Planung und Konstruktion &#8222;<\/h4>\n<h4>&#8220; soziale Planung &#8222;<\/h4>\n<p>Alte &#8211; und Behinderte -, und die Auseinandersetzung mit<\/p>\n<h4>Bautypologie * Wohnformen \/ Wohntypen * Konstruktion<\/h4>\n<p>im Zusammenhang mit baulicher Energiebewahrung, haustechnischen Einrichtungen, Baustoffwahl und Materialhaushalt,Organisationsformen, Betreuungsmodellen; Wechselwirkungen : Bau und Strukturformen, Konstruktion. Selbsthilfe im Geschossbau,<\/p>\n<h4>Qualitative Aspekte der sozialen Infrastruktur<\/h4>\n<p>praktikable Modelle der Partizipation, Planung als &#8222;Dialog mit offenem Ende&#8220;,<\/p>\n<h4>Organisationsmodell<\/h4>\n<p>im Zusammenhang mit der Organisation und Abwicklung der Stadtplanung in Wien,in Zusammenarbeit mit dem<br \/>\nIFES Institut f\u00fcr empirische Sozialforschung, dem<br \/>\n\u00d6sterreichischen Wohnbund, dem<br \/>\nEnergiesparverein Vorarlberg, dem<br \/>\n\u00d6sterreichischen Institut f\u00fcr Baubiologie, dem<br \/>\nMagistrat der Stadt Wien<br \/>\nmit dem Ziel des Aufbaues eines SMIS (Strategischen &#8211; Management &#8211; Informations &#8211; Systems) und projektbezogener Teamarbeit: &#8222;Durch Kooperation zu Qualit\u00e4t&#8220;.<\/p>\n<h4><a title=\"Passivhaus\" href=\"https:\/\/www.waclawek.com\/?page_id=155\">Passivhausplanungen und Niedrig &#8211; Energieh\u00e4user nach baubiologischen und \u00f6kologischen Prinzipien<\/a><\/h4>\n<p>klimagerechtes Bauen \/ Nutzung der nat\u00fcrlichen Energiequellen und Kreisl\u00e4ufe \/ Biotopgestaltung \/ bauliche Energiebewahrungund geeigneter Baustoffwahl \/ Abfallhandling bei Einfamilienhaus- Planungen in Nieder\u00f6sterreich und Wien.<\/p>\n<h4><a title=\"WOHNHAUSANLAGE IN SIMMERING \u2013 STADT WIEN, MA 24\" href=\"https:\/\/www.waclawek.com\/?page_id=1067\">Wohnanlage Leberberg<\/a><\/h4>\n<p>Federf\u00fchrung Bauteil IIA, ca. 400 Wohnungen, und Planung eines 110 m langen Einzelgeb\u00e4udes, erschlossen von einer Innenhalle, mit flexiblen w\u00e4hlbaren Wohnungen mit einem Mietermitbestimmungsmodell.1996 bis 1998.<\/p>\n<h4>Operationalisierung des Stadtentwicklungsplanes Wien, 1986<\/h4>\n<p>EDV-unterst\u00fctzte, inhaltliche Aufbereitung nach Planungsebenen, Gesichtspunkten usw., als Hilfe bei der Handhabung.<\/p>\n<h4>Gutachtert\u00e4tigkeit, Entwurf und Projektierung im Rahmen der Projektorganisation G\u00fcrtel, S\u00fcd- und Westeinfahrt Wien, 1986 bis 1988<\/h4>\n<p>Ausarbeitung der Leitprojekte: G\u00fcrtel &#8211; S\u00fcdeinfahrt und Grundlagenarbeiten zur Stadtentwicklungspolitik, zu Park and Ride, Projektorganisation, USW&#8230;Beauftragung nach erfolgreicher Wettbewerbsteilnahme, teilweise in Zusammenarbeit mit E. Gehmacher &#8211; TU Wien; IFES &#8211; Wien,G. Sammer &#8211; TU Graz, G. R\u00fcsch &#8211; TU Wien, W. Ziesel &#8211; Akademie Wien.<\/p>\n<h4>Forschungsauftr\u00e4ge des Bundes und der Stadt Wien, und Federf\u00fchrung im Rahmen des Projektes Aspern S\u00fcd:<\/h4>\n<p>Energieeffiziente Bebauungsplanung, mit qantitativer Berechnung, mit dem Programm GOSOL und Projektmanagement mit PX, multiprojektf\u00e4hig, mit integrierter relationaler Datenbank, USW&#8230;<\/p>\n<h4>Initiator der Architektengruppe Stadtteilplanung<\/h4>\n<p>mit dem<\/p>\n<h4>Wohnbau-Forschungsauftrag des Bundes<\/h4>\n<p>&#8220; Energieeffiziente Bebauungsplanung am Beispiel Aspern-S\u00fcd &#8222;,nach solararchitektonischen Gesichtspunkten, energetische Optimierung und Simulation, EDV-unterst\u00fctzte, und dem<\/p>\n<h4>Wohnbauforschung der Wiener Landes-Wohnbauforschung<\/h4>\n<p>&#8222;Interdisziplin\u00e4rer St\u00e4dtebau unter Ber\u00fccksichtigung kooperativer,integraler Planungsprinzipien als Grundlage f\u00fcr den Wohnungsneubau am Beispiel Aspern-S\u00fcd &#8222;, f\u00fcr ca. 2 000 Wohnungen.<\/p>\n<h4><a title=\"WOHNHAUSANLAGE OBER ST. VEIT \u2013 PRIVATE INITIATIVE\" href=\"https:\/\/www.waclawek.com\/?page_id=1157\">3 Wohnh\u00e4user in Ober St. Veit\/Wien, 1987<\/a><\/h4>\n<p>Mitbestimmungsmodell mit flexiblen Grundrissen, die Wohnungsanzahl kann zwischen 15 und 30 Wohnungen frei gew\u00e4hlt werden.Die Bauten wurden in einer Schutzzone errichtet.<\/p>\n<h4>Juror im Wettbewerb<\/h4>\n<p>Chancen f\u00fcr den Donauraum Wien, 1986 bis 1988. Das Verfahren war ein zweistufiges Gro\u00dfverfahren mit Wettbewerb, Expertengutachten, B\u00fcrgervotum, Studentenwettbewerb. Vorsitzender der Gesamtjury: T. Sieverts, Vorsitzender Teil A, Donauraum Wien: F. Waclawek, Vorsitzender Teil B, Stromlandschaft: O. Uhl, Vorsitzender Teil C, Staustufe: H. Czech \/ G.PeichlAuch mit dem Ziel der Erprobung von Verfahren der Mitbestimmung und B\u00fcrgerbeteilung:<\/p>\n<h4>Wettbewerbsjuror<\/h4>\n<p>beim St\u00e4dtebaulichen Ideen &#8211; Wettbewerb WIEN &#8211; S\u00dc\u00dfENBRUNN, einem angestrebten Beitrag zur \u00d6KOLOGISCHEN STADTENTWICKLUNG;&#8220; einem Modell &#8211; Planungsverfahren im Rahmen der Stadterweiterung, gemeinsam mit den B\u00fcrgern &#8222;,als Einleitung eines &#8220; komplexen prozesshaften Planungsverfahrens &#8222;mit Spielr\u00e4umen an &#8220; nicht gesichert gewidmeten Fl\u00e4chen&#8220;,Vorsitzender G Peichl: ca.2 500 Wohneinheiten, 60 ha. Nutzfl\u00e4che.<\/p>\n<h4>Ideenkonkurrenz G\u00fcrtel, &#8211; S\u00fcd- und Westeinfahrt Wien<\/h4>\n<p>eine gesamtst\u00e4dtische Aufgabenstellung zur Stadterneuerung, Verkehrsproblematik, sozialen Fragestellungen, im Vorfeld politischer Entscheidung. Vorsitz J. Maurer\/Z\u00fcrich.<\/p>\n<h4>Otto Wagner-St\u00e4dtebaupreis 1998<\/h4>\n<h4>das eingereichte Projekt wurde bei siebzig Teilnehmern am Verfahrenunter die besten 10 Projekte juriert und erhielt einen W\u00fcrdigungspreis des Auslobers. Thema der Arbeit: St\u00e4dtebauliches Entwicklungskonzept f\u00fcr eine Stadterweiterung mit 3.000 Wohnungen, Folgeeinrichtungen, B\u00fcrgerbeteiligung und Management,<\/h4>\n<h4><a title=\"WOHNBAUPROJEKT BAUMANNGASSE \u201cSUN CITY\u201d \u2013 STADT WIEN UND GEWOG\" href=\"https:\/\/www.waclawek.com\/?page_id=1076\">Wohnanlage Sun-City in der Donaufelderstrasse \/ Wien<\/a><\/h4>\n<p>Sonderraumprogramm f\u00fcr Alte und Betagte,integriertem geriatrischem Tageszentrum und Folgeeinrichtungen wie:Krisenwohnen, Wohngemeinschaften, Gr\u00e4tzelbetreuung usw.1996 bis 1998.<\/p>\n<h4>Energie &#8211; Pilotprojekt mit &#8222;Sozialer Innovation&#8220;<\/h4>\n<p>Wohnanlage; 8 H\u00e4user, 8.000 m2 Wohnfl\u00e4che; Als Wohnformen &#8211; Mix, mit Wohngemeinschaften f\u00fcr Alte und Behinderte, ca. 1.500m2,mit &#8222;Sozialmanagement&#8220; im Rahmen eines betreuten Selbsthilfemodells, mit Servicestelle, Beratung&#8230;<\/p>\n<h4>Mitbestimmungsmodell mit Selbsthilfe \/ Selbstbau<\/h4>\n<p>bei Unterscheidung von Prim\u00e4r &#8211; und Ausbaukonstruktionauf der Basis eines Forschungsprojektes von o Univ. Prof. O Uhl, in Partnerschaft mit diesem.<\/p>\n","protected":false},"excerpt":{"rendered":"<p>&#8222;Prozesshafte Planung und Konstruktion &#8222; &#8220; soziale Planung &#8222; Alte &#8211; und Behinderte -, und die Auseinandersetzung mit Bautypologie * Wohnformen \/ Wohntypen * Konstruktion im Zusammenhang mit baulicher Energiebewahrung, haustechnischen Einrichtungen, Baustoffwahl und Materialhaushalt,Organisationsformen, Betreuungsmodellen; Wechselwirkungen : Bau und Strukturformen, Konstruktion. Selbsthilfe im Geschossbau, Qualitative Aspekte der sozialen Infrastruktur praktikable Modelle der Partizipation, Planung als &#8222;Dialog mit offenem Ende&#8220;, Organisationsmodell im Zusammenhang mit der Organisation und Abwicklung der Stadtplanung in Wien,in Zusammenarbeit mit dem IFES Institut f\u00fcr empirische Sozialforschung, dem \u00d6sterreichischen Wohnbund, dem Energiesparverein Vorarlberg, dem \u00d6sterreichischen Institut f\u00fcr Baubiologie, dem Magistrat der Stadt Wien mit dem Ziel des Aufbaues eines SMIS (Strategischen &#8211; Management &#8211; Informations &#8211; Systems) und projektbezogener Teamarbeit: &#8222;Durch Kooperation zu Qualit\u00e4t&#8220;. Passivhausplanungen und Niedrig &#8211; Energieh\u00e4user nach baubiologischen und \u00f6kologischen Prinzipien klimagerechtes Bauen \/ Nutzung der nat\u00fcrlichen Energiequellen und Kreisl\u00e4ufe \/ Biotopgestaltung \/ bauliche Energiebewahrungund geeigneter Baustoffwahl \/ Abfallhandling bei Einfamilienhaus- Planungen in Nieder\u00f6sterreich und Wien. Wohnanlage Leberberg Federf\u00fchrung Bauteil IIA, ca. 400 Wohnungen, und Planung eines 110 m langen Einzelgeb\u00e4udes, erschlossen von einer Innenhalle, mit flexiblen w\u00e4hlbaren Wohnungen mit einem Mietermitbestimmungsmodell.1996 bis 1998. Operationalisierung des Stadtentwicklungsplanes Wien, 1986 EDV-unterst\u00fctzte, inhaltliche Aufbereitung nach Planungsebenen, Gesichtspunkten usw., als Hilfe bei der Handhabung. Gutachtert\u00e4tigkeit, Entwurf und Projektierung im Rahmen der Projektorganisation G\u00fcrtel, S\u00fcd- und Westeinfahrt Wien, 1986 bis 1988 Ausarbeitung der Leitprojekte: G\u00fcrtel &#8211; S\u00fcdeinfahrt und Grundlagenarbeiten zur Stadtentwicklungspolitik, zu Park and Ride, Projektorganisation, USW&#8230;Beauftragung nach erfolgreicher Wettbewerbsteilnahme, teilweise in Zusammenarbeit mit E. Gehmacher &#8211; TU Wien; IFES &#8211; Wien,G. Sammer &#8211; TU Graz, G. R\u00fcsch &#8211; TU Wien, W. Ziesel &#8211; Akademie Wien. Forschungsauftr\u00e4ge des Bundes und der Stadt Wien, und Federf\u00fchrung im Rahmen des Projektes Aspern S\u00fcd: Energieeffiziente Bebauungsplanung, mit qantitativer Berechnung, mit dem Programm GOSOL und Projektmanagement mit PX, multiprojektf\u00e4hig, mit integrierter relationaler Datenbank, USW&#8230; Initiator der Architektengruppe Stadtteilplanung mit dem Wohnbau-Forschungsauftrag des Bundes &#8220; Energieeffiziente Bebauungsplanung am Beispiel Aspern-S\u00fcd &#8222;,nach solararchitektonischen Gesichtspunkten, energetische Optimierung und Simulation, EDV-unterst\u00fctzte, und dem Wohnbauforschung der Wiener Landes-Wohnbauforschung &#8222;Interdisziplin\u00e4rer St\u00e4dtebau unter Ber\u00fccksichtigung kooperativer,integraler Planungsprinzipien als Grundlage f\u00fcr den Wohnungsneubau am Beispiel Aspern-S\u00fcd &#8222;, f\u00fcr ca. 2 000 Wohnungen. 3 Wohnh\u00e4user in Ober St. Veit\/Wien, 1987 Mitbestimmungsmodell mit flexiblen Grundrissen, die Wohnungsanzahl kann zwischen 15 und 30 Wohnungen frei gew\u00e4hlt werden.Die Bauten wurden in einer Schutzzone errichtet. Juror im Wettbewerb Chancen f\u00fcr den Donauraum Wien, 1986 bis 1988. Das Verfahren war ein zweistufiges Gro\u00dfverfahren mit Wettbewerb, Expertengutachten, B\u00fcrgervotum, Studentenwettbewerb. Vorsitzender der Gesamtjury: T. Sieverts, Vorsitzender Teil A, Donauraum Wien: F. Waclawek, Vorsitzender Teil B, Stromlandschaft: O. Uhl, Vorsitzender Teil C, Staustufe: H. Czech \/ G.PeichlAuch mit dem Ziel der Erprobung von Verfahren der Mitbestimmung und B\u00fcrgerbeteilung: Wettbewerbsjuror beim St\u00e4dtebaulichen Ideen &#8211; Wettbewerb WIEN &#8211; S\u00dc\u00dfENBRUNN, einem angestrebten Beitrag zur \u00d6KOLOGISCHEN STADTENTWICKLUNG;&#8220; einem Modell &#8211; Planungsverfahren im Rahmen der Stadterweiterung, gemeinsam mit den B\u00fcrgern &#8222;,als Einleitung eines &#8220; komplexen prozesshaften Planungsverfahrens &#8222;mit Spielr\u00e4umen an &#8220; nicht gesichert gewidmeten Fl\u00e4chen&#8220;,Vorsitzender G Peichl: ca.2 500 Wohneinheiten, 60 ha. Nutzfl\u00e4che. Ideenkonkurrenz G\u00fcrtel, &#8211; S\u00fcd- und Westeinfahrt Wien eine gesamtst\u00e4dtische Aufgabenstellung zur Stadterneuerung, Verkehrsproblematik, sozialen Fragestellungen, im Vorfeld politischer Entscheidung. Vorsitz J. Maurer\/Z\u00fcrich. Otto Wagner-St\u00e4dtebaupreis 1998 das eingereichte Projekt wurde bei siebzig Teilnehmern am Verfahrenunter die besten 10 Projekte juriert und erhielt einen W\u00fcrdigungspreis des Auslobers. Thema der Arbeit: St\u00e4dtebauliches Entwicklungskonzept f\u00fcr eine Stadterweiterung mit 3.000 Wohnungen, Folgeeinrichtungen, B\u00fcrgerbeteiligung und Management, Wohnanlage Sun-City in der Donaufelderstrasse \/ Wien Sonderraumprogramm f\u00fcr Alte und Betagte,integriertem geriatrischem Tageszentrum und Folgeeinrichtungen wie:Krisenwohnen, Wohngemeinschaften, Gr\u00e4tzelbetreuung usw.1996 bis 1998. Energie &#8211; Pilotprojekt mit &#8222;Sozialer Innovation&#8220; Wohnanlage; 8 H\u00e4user, 8.000 m2 Wohnfl\u00e4che; Als Wohnformen &#8211; Mix, mit Wohngemeinschaften f\u00fcr Alte und Behinderte, ca. 1.500m2,mit &#8222;Sozialmanagement&#8220; im Rahmen eines betreuten Selbsthilfemodells, mit Servicestelle, Beratung&#8230; Mitbestimmungsmodell mit Selbsthilfe \/ Selbstbau bei Unterscheidung von Prim\u00e4r &#8211; und Ausbaukonstruktionauf der Basis eines Forschungsprojektes von o Univ. Prof. O Uhl, in Partnerschaft mit diesem.<\/p>\n","protected":false},"author":1,"featured_media":0,"parent":0,"menu_order":0,"comment_status":"open","ping_status":"open","template":"","meta":[],"_links":{"self":[{"href":"https:\/\/www.waclawek.com\/index.php?rest_route=\/wp\/v2\/pages\/151"}],"collection":[{"href":"https:\/\/www.waclawek.com\/index.php?rest_route=\/wp\/v2\/pages"}],"about":[{"href":"https:\/\/www.waclawek.com\/index.php?rest_route=\/wp\/v2\/types\/page"}],"author":[{"embeddable":true,"href":"https:\/\/www.waclawek.com\/index.php?rest_route=\/wp\/v2\/users\/1"}],"replies":[{"embeddable":true,"href":"https:\/\/www.waclawek.com\/index.php?rest_route=%2Fwp%2Fv2%2Fcomments&post=151"}],"version-history":[{"count":7,"href":"https:\/\/www.waclawek.com\/index.php?rest_route=\/wp\/v2\/pages\/151\/revisions"}],"predecessor-version":[{"id":1374,"href":"https:\/\/www.waclawek.com\/index.php?rest_route=\/wp\/v2\/pages\/151\/revisions\/1374"}],"wp:attachment":[{"href":"https:\/\/www.waclawek.com\/index.php?rest_route=%2Fwp%2Fv2%2Fmedia&parent=151"}],"curies":[{"name":"wp","href":"https:\/\/api.w.org\/{rel}","templated":true}]}}