{"id":988,"date":"2013-09-19T12:37:30","date_gmt":"2013-09-19T10:37:30","guid":{"rendered":"https:\/\/www.waclawek.com\/?page_id=988"},"modified":"2013-09-19T12:43:43","modified_gmt":"2013-09-19T10:43:43","slug":"rechtliches","status":"publish","type":"page","link":"https:\/\/www.waclawek.com\/?page_id=988","title":{"rendered":"Rechtliche Hinweise"},"content":{"rendered":"<p><strong>COPYRIGHT<\/strong><br \/>\nDie auf dieser Homepage pr\u00e4sentierten Inhalte sind geistiges Eigentum des Architekten und urheberrechtlich gesch\u00fctzt. Alle Rechte sind vorbehalten. Die Vervielf\u00e4ltigung, \u00dcbersetzung, Ver\u00f6ffentlichung, \u00dcberarbeitung, Weitergabe an Dritte oder die Verwendung in elektronischen Systemen von Inhalten wie Texten, Bildern, Grafiken und Animationen, auch auszugsweise, ist ohne die schriftliche Zustimmung des Herausgebers urheberrechtswidrig und daher strafbar. Bei Zuwiderhandeln behalten wir uns rechtliche Schritte vor.<br \/>\nWerden eingetragene Warenzeichen, Handelsnamen und Gebrauchsnamen verwendet, auch wenn diese nicht als solche gekennzeichnet sind, gelten die entsprechenden Schutzbestimmungen.<\/p>\n<p><strong>HAFTUNGSAUSSCHLUSS<\/strong><br \/>\nAlle Inhalte werden sorgf\u00e4ltig gepr\u00fcft und st\u00e4ndig aktualisiert. Eine Garantie f\u00fcr die Vollst\u00e4ndigkeit, Richtigkeit und letzte Aktualit\u00e4t kann dennoch nicht \u00fcbernommen werden.<br \/>\nDer Herausgeber kann daher nicht f\u00fcr Sch\u00e4den haftbar gemacht werden, die in Zusammenhang mit der Verwendung dieser Inhalte stehen. Soweit durch Verlinkung auf andere Server weitere Informationen zug\u00e4nglich gemacht werden, weist der Herausgeber darauf hin, dass eine Inhaltskontrolle insoweit nicht stattfindet und jegliche Haftung ausgeschlossen ist.<\/p>\n<p><strong>\u00a7 24 MEDIENGESETZ (IMPRESSUM)<\/strong><br \/>\nArchitekt Dipl. Ing. Fritz Waclawek<br \/>\nStaatlich befugter und beeideter Ziviltechniker<br \/>\nErzbischofgasse 3 Haus C, A-1130 Wien<\/p>\n","protected":false},"excerpt":{"rendered":"<p>COPYRIGHT Die auf dieser Homepage pr\u00e4sentierten Inhalte sind geistiges Eigentum des Architekten und urheberrechtlich gesch\u00fctzt. Alle Rechte sind vorbehalten. Die Vervielf\u00e4ltigung, \u00dcbersetzung, Ver\u00f6ffentlichung, \u00dcberarbeitung, Weitergabe an Dritte oder die Verwendung in elektronischen Systemen von Inhalten wie Texten, Bildern, Grafiken und Animationen, auch auszugsweise, ist ohne die schriftliche Zustimmung des Herausgebers urheberrechtswidrig und daher strafbar. Bei Zuwiderhandeln behalten wir uns rechtliche Schritte vor. Werden eingetragene Warenzeichen, Handelsnamen und Gebrauchsnamen verwendet, auch wenn diese nicht als solche gekennzeichnet sind, gelten die entsprechenden Schutzbestimmungen. HAFTUNGSAUSSCHLUSS Alle Inhalte werden sorgf\u00e4ltig gepr\u00fcft und st\u00e4ndig aktualisiert. Eine Garantie f\u00fcr die Vollst\u00e4ndigkeit, Richtigkeit und letzte Aktualit\u00e4t kann dennoch nicht \u00fcbernommen werden. Der Herausgeber kann daher nicht f\u00fcr Sch\u00e4den haftbar gemacht werden, die in Zusammenhang mit der Verwendung dieser Inhalte stehen. Soweit durch Verlinkung auf andere Server weitere Informationen zug\u00e4nglich gemacht werden, weist der Herausgeber darauf hin, dass eine Inhaltskontrolle insoweit nicht stattfindet und jegliche Haftung ausgeschlossen ist. \u00a7 24 MEDIENGESETZ (IMPRESSUM) Architekt Dipl. Ing. Fritz Waclawek Staatlich befugter und beeideter Ziviltechniker Erzbischofgasse 3 Haus C, A-1130 Wien<\/p>\n","protected":false},"author":1,"featured_media":0,"parent":0,"menu_order":0,"comment_status":"open","ping_status":"open","template":"","meta":[],"_links":{"self":[{"href":"https:\/\/www.waclawek.com\/index.php?rest_route=\/wp\/v2\/pages\/988"}],"collection":[{"href":"https:\/\/www.waclawek.com\/index.php?rest_route=\/wp\/v2\/pages"}],"about":[{"href":"https:\/\/www.waclawek.com\/index.php?rest_route=\/wp\/v2\/types\/page"}],"author":[{"embeddable":true,"href":"https:\/\/www.waclawek.com\/index.php?rest_route=\/wp\/v2\/users\/1"}],"replies":[{"embeddable":true,"href":"https:\/\/www.waclawek.com\/index.php?rest_route=%2Fwp%2Fv2%2Fcomments&post=988"}],"version-history":[{"count":7,"href":"https:\/\/www.waclawek.com\/index.php?rest_route=\/wp\/v2\/pages\/988\/revisions"}],"predecessor-version":[{"id":997,"href":"https:\/\/www.waclawek.com\/index.php?rest_route=\/wp\/v2\/pages\/988\/revisions\/997"}],"wp:attachment":[{"href":"https:\/\/www.waclawek.com\/index.php?rest_route=%2Fwp%2Fv2%2Fmedia&parent=988"}],"curies":[{"name":"wp","href":"https:\/\/api.w.org\/{rel}","templated":true}]}}